{"id":2946,"date":"2024-03-26T18:51:19","date_gmt":"2024-03-26T21:51:19","guid":{"rendered":"https:\/\/xn--topcomerciodepeas-osb.com.br\/?post_type=product&#038;p=2946"},"modified":"2024-05-28T11:15:47","modified_gmt":"2024-05-28T14:15:47","slug":"selante-para-radiador-mundial-prime-100ml","status":"publish","type":"product","link":"https:\/\/xn--topcomerciodepeas-osb.com.br\/?product=selante-para-radiador-mundial-prime-100ml","title":{"rendered":"Selante Para Radiador Mundial Prime 100ml"},"content":{"rendered":"<h3 class=\"sub-title-h3\">Instru\u00e7\u00f5es de uso<\/h3>\n<p class=\"texto\">Com o motor frio e desligado, drene cerca de 1 litro do l\u00edquido refrigerante do sistema para permitir a adi\u00e7\u00e3o do selante. Com o motor funcionando em marcha lenta, adicione vagarosamente todo o l\u00edquido no radiador ou no reservat\u00f3rio auxiliar, caso seja sistema selado. Complete o l\u00edquido do sistema e recoloque a tampa. Acelere moderadamente at\u00e9 consolidar a obstru\u00e7\u00e3o do vazamento. Se este persistir, \u00e9 prov\u00e1vel que o sistema precise de reparo mec\u00e2nico.<\/p>\n<p>Possui alguma d\u00favida? Clique <a href=\"https:\/\/wa.me\/+554884223366\">aqui<\/a> e entre em contato atrav\u00e9s do Whatsapp.<\/p>\n<p>&nbsp;<\/p>\n<p>&nbsp;<\/p>\n","protected":false},"excerpt":{"rendered":"<p>1 &#8211; Selante Para Radiador Mundial Prime 100ml<\/p>\n<p>Veda e elimina a maioria dos vazamentos em radiadores e partes do sistema de refrigera\u00e7\u00e3o. Mistura-se com qualquer tipo de l\u00edquido arrefecedor.<\/p>\n","protected":false},"featured_media":3498,"comment_status":"open","ping_status":"closed","template":"","meta":[],"product_brand":[],"product_cat":[15],"product_tag":[79],"class_list":{"0":"post-2946","1":"product","2":"type-product","3":"status-publish","4":"has-post-thumbnail","6":"product_cat-top-comercio-de-pecas-e-acessorios","7":"product_tag-mundial-prime","9":"first","10":"instock","11":"sale","12":"shipping-taxable","13":"purchasable","14":"product-type-simple"},"jetpack_sharing_enabled":true,"_links":{"self":[{"href":"https:\/\/xn--topcomerciodepeas-osb.com.br\/index.php?rest_route=\/wp\/v2\/product\/2946","targetHints":{"allow":["GET"]}}],"collection":[{"href":"https:\/\/xn--topcomerciodepeas-osb.com.br\/index.php?rest_route=\/wp\/v2\/product"}],"about":[{"href":"https:\/\/xn--topcomerciodepeas-osb.com.br\/index.php?rest_route=\/wp\/v2\/types\/product"}],"replies":[{"embeddable":true,"href":"https:\/\/xn--topcomerciodepeas-osb.com.br\/index.php?rest_route=%2Fwp%2Fv2%2Fcomments&post=2946"}],"version-history":[{"count":1,"href":"https:\/\/xn--topcomerciodepeas-osb.com.br\/index.php?rest_route=\/wp\/v2\/product\/2946\/revisions"}],"predecessor-version":[{"id":2950,"href":"https:\/\/xn--topcomerciodepeas-osb.com.br\/index.php?rest_route=\/wp\/v2\/product\/2946\/revisions\/2950"}],"wp:featuredmedia":[{"embeddable":true,"href":"https:\/\/xn--topcomerciodepeas-osb.com.br\/index.php?rest_route=\/wp\/v2\/media\/3498"}],"wp:attachment":[{"href":"https:\/\/xn--topcomerciodepeas-osb.com.br\/index.php?rest_route=%2Fwp%2Fv2%2Fmedia&parent=2946"}],"wp:term":[{"taxonomy":"product_brand","embeddable":true,"href":"https:\/\/xn--topcomerciodepeas-osb.com.br\/index.php?rest_route=%2Fwp%2Fv2%2Fproduct_brand&post=2946"},{"taxonomy":"product_cat","embeddable":true,"href":"https:\/\/xn--topcomerciodepeas-osb.com.br\/index.php?rest_route=%2Fwp%2Fv2%2Fproduct_cat&post=2946"},{"taxonomy":"product_tag","embeddable":true,"href":"https:\/\/xn--topcomerciodepeas-osb.com.br\/index.php?rest_route=%2Fwp%2Fv2%2Fproduct_tag&post=2946"}],"curies":[{"name":"wp","href":"https:\/\/api.w.org\/{rel}","templated":true}]}}