{"id":3886,"date":"2025-02-13T13:16:43","date_gmt":"2025-02-13T16:16:43","guid":{"rendered":"https:\/\/xn--topcomerciodepeas-osb.com.br\/?post_type=product&#038;p=3886"},"modified":"2025-02-13T13:16:43","modified_gmt":"2025-02-13T16:16:43","slug":"kit-limpeza-automotiva-premium-vonixx-completo-para-lavagem-e-protecao","status":"publish","type":"product","link":"https:\/\/xn--topcomerciodepeas-osb.com.br\/?product=kit-limpeza-automotiva-premium-vonixx-completo-para-lavagem-e-protecao","title":{"rendered":"Kit Limpeza Automotiva Premium Vonixx \u2013 Completo para Lavagem e Prote\u00e7\u00e3o"},"content":{"rendered":"<h3 data-start=\"580\" data-end=\"612\"><strong data-start=\"584\" data-end=\"610\">Detalhes dos Produtos:<\/strong><\/h3>\n<h4 data-start=\"614\" data-end=\"668\"><strong data-start=\"619\" data-end=\"666\">V-Mol Vonixx \u2013 Lava Autos Super Concentrado<\/strong><\/h4>\n<p data-start=\"669\" data-end=\"933\">O <strong data-start=\"671\" data-end=\"687\">V-Mol Vonixx<\/strong> \u00e9 um shampoo automotivo <strong data-start=\"712\" data-end=\"729\">biodegrad\u00e1vel<\/strong> com <strong data-start=\"734\" data-end=\"757\">pH levemente b\u00e1sico<\/strong>, ideal para remover <strong data-start=\"778\" data-end=\"799\">sujeiras dif\u00edceis<\/strong>, como barro e \u00f3leo, sem agredir a superf\u00edcie. Agora com um <strong data-start=\"859\" data-end=\"886\">aroma de cereja intensa<\/strong>, proporciona uma limpeza eficiente e segura.<\/p>\n<p data-start=\"935\" data-end=\"1042\">\ud83d\udd39 <strong data-start=\"938\" data-end=\"974\">Alto poder de remo\u00e7\u00e3o de sujeira<\/strong><br data-start=\"974\" data-end=\"977\" \/>\ud83d\udd39 <strong data-start=\"980\" data-end=\"1007\">Ideal para barro e \u00f3leo<\/strong><br data-start=\"1007\" data-end=\"1010\" \/>\ud83d\udd39 <strong data-start=\"1013\" data-end=\"1040\">Aroma de cereja intensa<\/strong><\/p>\n<p data-start=\"1044\" data-end=\"1169\"><strong data-start=\"1044\" data-end=\"1071\">Dilui\u00e7\u00f5es recomendadas:<\/strong><br data-start=\"1071\" data-end=\"1074\" \/>\u2714 <strong data-start=\"1076\" data-end=\"1104\">Sujeira leve\/manuten\u00e7\u00e3o:<\/strong> 1:100<br data-start=\"1110\" data-end=\"1113\" \/>\u2714 <strong data-start=\"1115\" data-end=\"1133\">Sujeira m\u00e9dia:<\/strong> 1:50<br data-start=\"1138\" data-end=\"1141\" \/>\u2714 <strong data-start=\"1143\" data-end=\"1162\">Sujeira pesada:<\/strong> 1:10<\/p>\n<hr data-start=\"1171\" data-end=\"1174\" \/>\n<h4 data-start=\"1176\" data-end=\"1223\"><strong data-start=\"1181\" data-end=\"1221\">V-Floc Vonixx \u2013 Lava Autos pH Neutro<\/strong><\/h4>\n<p data-start=\"1224\" data-end=\"1535\">O <strong data-start=\"1226\" data-end=\"1236\">V-Floc<\/strong> \u00e9 um <strong data-start=\"1242\" data-end=\"1276\">lava autos de alta performance<\/strong>, com <strong data-start=\"1282\" data-end=\"1295\">pH neutro<\/strong> e agentes condicionadores especiais que garantem <strong data-start=\"1345\" data-end=\"1374\">lavagem suave e eficiente<\/strong>. Seu <strong data-start=\"1380\" data-end=\"1409\">alto grau de lubrifica\u00e7\u00e3o<\/strong> reduz o atrito da luva de microfibra, minimizando as chances de micro-riscos e proporcionando um brilho renovado \u00e0 pintura.<\/p>\n<p data-start=\"1537\" data-end=\"1709\">\ud83d\udd39 <strong data-start=\"1540\" data-end=\"1594\">F\u00f3rmula pH neutro \u2013 ideal para lavagens frequentes<\/strong><br data-start=\"1594\" data-end=\"1597\" \/>\ud83d\udd39 <strong data-start=\"1600\" data-end=\"1649\">Alto poder de lubrifica\u00e7\u00e3o para evitar riscos<\/strong><br data-start=\"1649\" data-end=\"1652\" \/>\ud83d\udd39 <strong data-start=\"1655\" data-end=\"1707\">Promove brilho e aspecto de renova\u00e7\u00e3o da pintura<\/strong><\/p>\n<hr data-start=\"1711\" data-end=\"1714\" \/>\n<h4 data-start=\"1716\" data-end=\"1764\"><strong data-start=\"1721\" data-end=\"1762\">Shiny Vonixx \u2013 Revitalizador de Pneus<\/strong><\/h4>\n<p data-start=\"1765\" data-end=\"1977\">O <strong data-start=\"1767\" data-end=\"1783\">Shiny Vonixx<\/strong> mant\u00e9m a <strong data-start=\"1793\" data-end=\"1820\">beleza e brilho intenso<\/strong> dos pneus por mais tempo. Sua <strong data-start=\"1851\" data-end=\"1872\">f\u00f3rmula exclusiva<\/strong> protege e revitaliza a borracha, garantindo um acabamento impec\u00e1vel sem necessidade de esfor\u00e7o f\u00edsico.<\/p>\n<p data-start=\"1979\" data-end=\"2106\">\ud83d\udd39 <strong data-start=\"1982\" data-end=\"2012\">Brilho intenso e duradouro<\/strong><br data-start=\"2012\" data-end=\"2015\" \/>\ud83d\udd39 <strong data-start=\"2018\" data-end=\"2065\">F\u00e1cil aplica\u00e7\u00e3o, sem necessidade de esfor\u00e7o<\/strong><br data-start=\"2065\" data-end=\"2068\" \/>\ud83d\udd39 <strong data-start=\"2071\" data-end=\"2104\">Protege e revitaliza os pneus<\/strong><\/p>\n<hr data-start=\"2108\" data-end=\"2111\" \/>\n<h4 data-start=\"2113\" data-end=\"2179\"><strong data-start=\"2118\" data-end=\"2177\">Sintra Fast Vonixx \u2013 Limpador Bactericida para Interior<\/strong><\/h4>\n<p data-start=\"2180\" data-end=\"2411\">O <strong data-start=\"2182\" data-end=\"2204\">Sintra Fast Vonixx<\/strong> \u00e9 um limpador poderoso para o <strong data-start=\"2235\" data-end=\"2258\">interior do ve\u00edculo<\/strong>, removendo sujeiras, manchas e odores com facilidade. Deixa o carro <strong data-start=\"2327\" data-end=\"2355\">limpo e com aroma fresco<\/strong>, garantindo uma higieniza\u00e7\u00e3o eficiente e sem esfor\u00e7o.<\/p>\n<p data-start=\"2413\" data-end=\"2551\">\ud83d\udd39 <strong data-start=\"2416\" data-end=\"2466\">Elimina sujeiras, manchas e odores rapidamente<\/strong><br data-start=\"2466\" data-end=\"2469\" \/>\ud83d\udd39 <strong data-start=\"2472\" data-end=\"2503\">Seguro para limpeza interna<\/strong><br data-start=\"2503\" data-end=\"2506\" \/>\ud83d\udd39 <strong data-start=\"2509\" data-end=\"2549\">Aroma agrad\u00e1vel e frescor prolongado<\/strong><\/p>\n<hr data-start=\"2553\" data-end=\"2556\" \/>\n<h4 data-start=\"2558\" data-end=\"2626\"><strong data-start=\"2563\" data-end=\"2624\">Toalha de Microfibra Vonixx \u2013 Secagem de Alta Performance<\/strong><\/h4>\n<p data-start=\"2627\" data-end=\"2893\">A <strong data-start=\"2629\" data-end=\"2657\">Toalha de Secagem Vonixx<\/strong> possui <strong data-start=\"2665\" data-end=\"2690\">microfibras especiais<\/strong> que aceleram o processo de secagem do ve\u00edculo, garantindo um <strong data-start=\"2752\" data-end=\"2787\">acabamento impec\u00e1vel sem riscos<\/strong>. Sua tecnologia reduz o atrito com a pintura, proporcionando um resultado de <strong data-start=\"2865\" data-end=\"2890\">alto n\u00edvel e prote\u00e7\u00e3o<\/strong>.<\/p>\n<p data-start=\"2895\" data-end=\"3010\">\ud83d\udd39 <strong data-start=\"2898\" data-end=\"2925\">Secagem r\u00e1pida e segura<\/strong><br data-start=\"2925\" data-end=\"2928\" \/>\ud83d\udd39 <strong data-start=\"2931\" data-end=\"2967\">Evita riscos e marcas na pintura<\/strong><br data-start=\"2967\" data-end=\"2970\" \/>\ud83d\udd39 <strong data-start=\"2973\" data-end=\"3008\">Alta performance e durabilidade<\/strong><\/p>\n<hr data-start=\"3012\" data-end=\"3015\" \/>\n<h3 data-start=\"3017\" data-end=\"3048\"><strong data-start=\"3021\" data-end=\"3046\">Possui alguma d\u00favida?<\/strong><\/h3>\n<p data-start=\"3049\" data-end=\"3147\"><a href=\"https:\/\/contate.me\/topcomerciodepecas\" target=\"_new\" rel=\"noopener\" data-start=\"3049\" data-end=\"3101\"><strong data-start=\"3050\" data-end=\"3065\">Clique aqui<\/strong><\/a> e entre em contato atrav\u00e9s do <strong data-start=\"3132\" data-end=\"3144\">WhatsApp<\/strong>.<\/p>\n<p><!--more--><\/p>\n","protected":false},"excerpt":{"rendered":"<p>\u2714 <strong data-start=\"276\" data-end=\"299\">1 V-Mol Vonixx 1,5L<\/strong> \u2013 Lava Autos Super Concentrado<br data-start=\"330\" data-end=\"333\" \/>\u2714 <strong data-start=\"335\" data-end=\"359\">1 V-Floc Vonixx 1,5L<\/strong> \u2013 Lava Autos pH Neutro<br data-start=\"382\" data-end=\"385\" \/>\u2714 <strong data-start=\"387\" data-end=\"411\">1 Shiny Vonixx 500ml<\/strong> \u2013 Revitalizador de Pneus<br data-start=\"436\" data-end=\"439\" \/>\u2714 <strong data-start=\"441\" data-end=\"471\">1 Sintra Fast Vonixx 500ml<\/strong> \u2013 Limpador Bactericida para Interior<br data-start=\"508\" data-end=\"511\" \/>\u2714 <strong data-start=\"513\" data-end=\"554\">1 Toalha de Microfibra Vonixx 50x90cm<\/strong> \u2013 Secagem R\u00e1pida<\/p>\n","protected":false},"featured_media":3887,"comment_status":"open","ping_status":"closed","template":"","meta":[],"product_brand":[],"product_cat":[51,80,87,85],"product_tag":[86],"class_list":{"0":"post-3886","1":"product","2":"type-product","3":"status-publish","4":"has-post-thumbnail","6":"product_cat-estetica-automotiva","7":"product_cat-kitestetica","8":"product_cat-limpa-vidros","9":"product_cat-shampoo-automotivo","10":"product_tag-vonixx","12":"first","13":"instock","14":"sale","15":"shipping-taxable","16":"purchasable","17":"product-type-simple"},"jetpack_sharing_enabled":true,"_links":{"self":[{"href":"https:\/\/xn--topcomerciodepeas-osb.com.br\/index.php?rest_route=\/wp\/v2\/product\/3886","targetHints":{"allow":["GET"]}}],"collection":[{"href":"https:\/\/xn--topcomerciodepeas-osb.com.br\/index.php?rest_route=\/wp\/v2\/product"}],"about":[{"href":"https:\/\/xn--topcomerciodepeas-osb.com.br\/index.php?rest_route=\/wp\/v2\/types\/product"}],"replies":[{"embeddable":true,"href":"https:\/\/xn--topcomerciodepeas-osb.com.br\/index.php?rest_route=%2Fwp%2Fv2%2Fcomments&post=3886"}],"version-history":[{"count":1,"href":"https:\/\/xn--topcomerciodepeas-osb.com.br\/index.php?rest_route=\/wp\/v2\/product\/3886\/revisions"}],"predecessor-version":[{"id":3893,"href":"https:\/\/xn--topcomerciodepeas-osb.com.br\/index.php?rest_route=\/wp\/v2\/product\/3886\/revisions\/3893"}],"wp:featuredmedia":[{"embeddable":true,"href":"https:\/\/xn--topcomerciodepeas-osb.com.br\/index.php?rest_route=\/wp\/v2\/media\/3887"}],"wp:attachment":[{"href":"https:\/\/xn--topcomerciodepeas-osb.com.br\/index.php?rest_route=%2Fwp%2Fv2%2Fmedia&parent=3886"}],"wp:term":[{"taxonomy":"product_brand","embeddable":true,"href":"https:\/\/xn--topcomerciodepeas-osb.com.br\/index.php?rest_route=%2Fwp%2Fv2%2Fproduct_brand&post=3886"},{"taxonomy":"product_cat","embeddable":true,"href":"https:\/\/xn--topcomerciodepeas-osb.com.br\/index.php?rest_route=%2Fwp%2Fv2%2Fproduct_cat&post=3886"},{"taxonomy":"product_tag","embeddable":true,"href":"https:\/\/xn--topcomerciodepeas-osb.com.br\/index.php?rest_route=%2Fwp%2Fv2%2Fproduct_tag&post=3886"}],"curies":[{"name":"wp","href":"https:\/\/api.w.org\/{rel}","templated":true}]}}