{"id":3921,"date":"2025-02-13T14:04:47","date_gmt":"2025-02-13T17:04:47","guid":{"rendered":"https:\/\/xn--topcomerciodepeas-osb.com.br\/?post_type=product&#038;p=3921"},"modified":"2025-03-19T10:25:42","modified_gmt":"2025-03-19T13:25:42","slug":"adesivo-de-silicone-acetico-mundial-prime-uso-geral-e-vedacao","status":"publish","type":"product","link":"https:\/\/xn--topcomerciodepeas-osb.com.br\/?product=adesivo-de-silicone-acetico-mundial-prime-uso-geral-e-vedacao","title":{"rendered":"Adesivo de Silicone Ac\u00e9tico Mundial Prime \u2013 Uso Geral e Veda\u00e7\u00e3o"},"content":{"rendered":"<h3 data-start=\"359\" data-end=\"389\"><strong data-start=\"363\" data-end=\"387\">Detalhes do Produto:<\/strong><\/h3>\n<h4 data-start=\"391\" data-end=\"468\"><strong data-start=\"396\" data-end=\"466\">Adesivo de Silicone Ac\u00e9tico Mundial Prime \u2013 Veda\u00e7\u00e3o para Uso Geral<\/strong><\/h4>\n<p data-start=\"469\" data-end=\"813\">O <strong data-start=\"471\" data-end=\"516\">Adesivo de Silicone Ac\u00e9tico Mundial Prime<\/strong> \u00e9 ideal para <strong data-start=\"530\" data-end=\"551\">veda\u00e7\u00e3o e selagem<\/strong> de superf\u00edcies como <strong data-start=\"572\" data-end=\"657\">vidros, alum\u00ednio, azulejos, lou\u00e7as sanit\u00e1rias, portas, janelas e box de banheiros<\/strong>. Com <strong data-start=\"663\" data-end=\"696\">alta resist\u00eancia aos raios UV<\/strong>, pode ser aplicado em \u00e1reas internas e externas, incluindo <strong data-start=\"756\" data-end=\"774\">calhas e rufos<\/strong>, garantindo durabilidade e prote\u00e7\u00e3o.<\/p>\n<p data-start=\"815\" data-end=\"982\">\ud83d\udd39 <strong data-start=\"818\" data-end=\"864\">Excelente ader\u00eancia a diversas superf\u00edcies<\/strong><br data-start=\"864\" data-end=\"867\" \/>\ud83d\udd39 <strong data-start=\"870\" data-end=\"922\">Resistente aos raios UV \u2013 ideal para uso externo<\/strong><br data-start=\"922\" data-end=\"925\" \/>\ud83d\udd39 <strong data-start=\"928\" data-end=\"980\">Veda\u00e7\u00e3o perfeita para constru\u00e7\u00e3o civil e reparos<\/strong><\/p>\n<hr data-start=\"984\" data-end=\"987\" \/>\n<h3 data-start=\"989\" data-end=\"1010\"><strong data-start=\"993\" data-end=\"1008\">Aplica\u00e7\u00f5es:<\/strong><\/h3>\n<p data-start=\"1011\" data-end=\"1137\">\u2714 Vidros comuns e temperados, alum\u00ednio e metais<br data-start=\"1058\" data-end=\"1061\" \/>\u2714 Azulejos, cer\u00e2micas, m\u00e1rmores e granitos<br data-start=\"1103\" data-end=\"1106\" \/>\u2714 Pl\u00e1sticos, tecidos e couros<\/p>\n<hr data-start=\"1139\" data-end=\"1142\" \/>\n<h3 data-start=\"1144\" data-end=\"1175\"><strong data-start=\"1148\" data-end=\"1173\">Possui alguma d\u00favida?<\/strong><\/h3>\n<p data-start=\"1176\" data-end=\"1274\"><a href=\"https:\/\/contate.me\/topcomerciodepecas\" target=\"_new\" rel=\"noopener\" data-start=\"1176\" data-end=\"1228\"><strong data-start=\"1177\" data-end=\"1192\">Clique aqui<\/strong><\/a> e entre em contato atrav\u00e9s do <strong data-start=\"1259\" data-end=\"1271\">WhatsApp<\/strong>.<\/p>\n","protected":false},"excerpt":{"rendered":"<p>\u2714 <strong data-start=\"271\" data-end=\"321\">1 Adesivo de Silicone Preto Mundial Prime 260g<\/strong> \u2013 Veda\u00e7\u00e3o e Selagem Multiuso<\/p>\n","protected":false},"featured_media":3922,"comment_status":"open","ping_status":"closed","template":"","meta":[],"product_brand":[],"product_cat":[88],"product_tag":[79],"class_list":{"0":"post-3921","1":"product","2":"type-product","3":"status-publish","4":"has-post-thumbnail","6":"product_cat-sprays-e-graxas-de-manutencao","7":"product_tag-mundial-prime","9":"first","10":"instock","11":"sale","12":"shipping-taxable","13":"purchasable","14":"product-type-simple"},"jetpack_sharing_enabled":true,"_links":{"self":[{"href":"https:\/\/xn--topcomerciodepeas-osb.com.br\/index.php?rest_route=\/wp\/v2\/product\/3921","targetHints":{"allow":["GET"]}}],"collection":[{"href":"https:\/\/xn--topcomerciodepeas-osb.com.br\/index.php?rest_route=\/wp\/v2\/product"}],"about":[{"href":"https:\/\/xn--topcomerciodepeas-osb.com.br\/index.php?rest_route=\/wp\/v2\/types\/product"}],"replies":[{"embeddable":true,"href":"https:\/\/xn--topcomerciodepeas-osb.com.br\/index.php?rest_route=%2Fwp%2Fv2%2Fcomments&post=3921"}],"version-history":[{"count":1,"href":"https:\/\/xn--topcomerciodepeas-osb.com.br\/index.php?rest_route=\/wp\/v2\/product\/3921\/revisions"}],"predecessor-version":[{"id":3924,"href":"https:\/\/xn--topcomerciodepeas-osb.com.br\/index.php?rest_route=\/wp\/v2\/product\/3921\/revisions\/3924"}],"wp:featuredmedia":[{"embeddable":true,"href":"https:\/\/xn--topcomerciodepeas-osb.com.br\/index.php?rest_route=\/wp\/v2\/media\/3922"}],"wp:attachment":[{"href":"https:\/\/xn--topcomerciodepeas-osb.com.br\/index.php?rest_route=%2Fwp%2Fv2%2Fmedia&parent=3921"}],"wp:term":[{"taxonomy":"product_brand","embeddable":true,"href":"https:\/\/xn--topcomerciodepeas-osb.com.br\/index.php?rest_route=%2Fwp%2Fv2%2Fproduct_brand&post=3921"},{"taxonomy":"product_cat","embeddable":true,"href":"https:\/\/xn--topcomerciodepeas-osb.com.br\/index.php?rest_route=%2Fwp%2Fv2%2Fproduct_cat&post=3921"},{"taxonomy":"product_tag","embeddable":true,"href":"https:\/\/xn--topcomerciodepeas-osb.com.br\/index.php?rest_route=%2Fwp%2Fv2%2Fproduct_tag&post=3921"}],"curies":[{"name":"wp","href":"https:\/\/api.w.org\/{rel}","templated":true}]}}