{"id":4132,"date":"2025-03-13T12:24:29","date_gmt":"2025-03-13T15:24:29","guid":{"rendered":"https:\/\/xn--topcomerciodepeas-osb.com.br\/?post_type=product&#038;p=4132"},"modified":"2025-03-13T12:26:13","modified_gmt":"2025-03-13T15:26:13","slug":"kit-3x-odorizador-little-trees-new-car-carro-novo","status":"publish","type":"product","link":"https:\/\/xn--topcomerciodepeas-osb.com.br\/?product=kit-3x-odorizador-little-trees-new-car-carro-novo","title":{"rendered":"Kit 3x Odorizador Little Trees New Car (Carro Novo)"},"content":{"rendered":"<p data-start=\"158\" data-end=\"435\">O <strong data-start=\"187\" data-end=\"222\">Odorizador Little Trees New Car<\/strong> proporciona uma sensa\u00e7\u00e3o de frescor e limpeza ao seu ve\u00edculo, replicando o agrad\u00e1vel aroma de um carro novo. Desenvolvido com alta qualidade, sua fragr\u00e2ncia duradoura mant\u00e9m o ambiente perfumado por mais tempo.<\/p>\n<p data-start=\"437\" data-end=\"664\">\ud83d\udd39 <strong data-start=\"440\" data-end=\"473\">Aroma exclusivo de carro novo<\/strong><br data-start=\"473\" data-end=\"476\" \/>\ud83d\udd39 <strong data-start=\"479\" data-end=\"536\">Ideal para ve\u00edculos, escrit\u00f3rios e ambientes fechados<\/strong><br data-start=\"536\" data-end=\"539\" \/>\ud83d\udd39 <strong data-start=\"542\" data-end=\"581\">Design cl\u00e1ssico de \u00e1rvore perfumada<\/strong><br data-start=\"581\" data-end=\"584\" \/>\ud83d\udd39 <strong data-start=\"587\" data-end=\"662\">Sistema de fixa\u00e7\u00e3o pr\u00e1tico para pendurar no retrovisor ou onde preferir<\/strong><\/p>\n<p data-start=\"666\" data-end=\"881\"><strong data-start=\"666\" data-end=\"682\">Modo de Uso:<\/strong><br data-start=\"682\" data-end=\"685\" \/>1\ufe0f\u20e3 Remova a embalagem gradualmente para prolongar a durabilidade da fragr\u00e2ncia.<br data-start=\"765\" data-end=\"768\" \/>2\ufe0f\u20e3 Pendure no espelho retrovisor ou em outro local desejado.<br data-start=\"829\" data-end=\"832\" \/>3\ufe0f\u20e3 Aproveite o aroma prolongado de carro novo.<\/p>\n<p data-start=\"883\" data-end=\"962\"><strong data-start=\"883\" data-end=\"908\">Possui alguma d\u00favida?<\/strong> <a href=\"https:\/\/contate.me\/topcomerciodepecas\">Clique aqui<\/a> e entre em contato atrav\u00e9s do WhatsApp.<\/p>\n","protected":false},"excerpt":{"rendered":"<p><strong data-start=\"78\" data-end=\"103\">Descri\u00e7\u00e3o do Produto:<\/strong><\/p>\n<p><br data-start=\"103\" data-end=\"106\" \/>\u2714 Kit com 3 Odorizadores de Ar Little Trees \u2013 Fragr\u00e2ncia Carro Novo<\/p>\n","protected":false},"featured_media":4130,"comment_status":"open","ping_status":"closed","template":"","meta":[],"product_brand":[],"product_cat":[52,51],"product_tag":[97],"class_list":{"0":"post-4132","1":"product","2":"type-product","3":"status-publish","4":"has-post-thumbnail","6":"product_cat-cheirinhos","7":"product_cat-estetica-automotiva","8":"product_tag-little-trees","10":"first","11":"instock","12":"sale","13":"shipping-taxable","14":"purchasable","15":"product-type-simple"},"jetpack_sharing_enabled":true,"_links":{"self":[{"href":"https:\/\/xn--topcomerciodepeas-osb.com.br\/index.php?rest_route=\/wp\/v2\/product\/4132","targetHints":{"allow":["GET"]}}],"collection":[{"href":"https:\/\/xn--topcomerciodepeas-osb.com.br\/index.php?rest_route=\/wp\/v2\/product"}],"about":[{"href":"https:\/\/xn--topcomerciodepeas-osb.com.br\/index.php?rest_route=\/wp\/v2\/types\/product"}],"replies":[{"embeddable":true,"href":"https:\/\/xn--topcomerciodepeas-osb.com.br\/index.php?rest_route=%2Fwp%2Fv2%2Fcomments&post=4132"}],"version-history":[{"count":1,"href":"https:\/\/xn--topcomerciodepeas-osb.com.br\/index.php?rest_route=\/wp\/v2\/product\/4132\/revisions"}],"predecessor-version":[{"id":4133,"href":"https:\/\/xn--topcomerciodepeas-osb.com.br\/index.php?rest_route=\/wp\/v2\/product\/4132\/revisions\/4133"}],"wp:featuredmedia":[{"embeddable":true,"href":"https:\/\/xn--topcomerciodepeas-osb.com.br\/index.php?rest_route=\/wp\/v2\/media\/4130"}],"wp:attachment":[{"href":"https:\/\/xn--topcomerciodepeas-osb.com.br\/index.php?rest_route=%2Fwp%2Fv2%2Fmedia&parent=4132"}],"wp:term":[{"taxonomy":"product_brand","embeddable":true,"href":"https:\/\/xn--topcomerciodepeas-osb.com.br\/index.php?rest_route=%2Fwp%2Fv2%2Fproduct_brand&post=4132"},{"taxonomy":"product_cat","embeddable":true,"href":"https:\/\/xn--topcomerciodepeas-osb.com.br\/index.php?rest_route=%2Fwp%2Fv2%2Fproduct_cat&post=4132"},{"taxonomy":"product_tag","embeddable":true,"href":"https:\/\/xn--topcomerciodepeas-osb.com.br\/index.php?rest_route=%2Fwp%2Fv2%2Fproduct_tag&post=4132"}],"curies":[{"name":"wp","href":"https:\/\/api.w.org\/{rel}","templated":true}]}}